5))?
2
Let w(a) = 56*a**2 - 391*a + 75. What is the tens digit of w(27)?
4
Suppose 1 = 4*l - 11, -3*l + 29215 = 2*o. What is the units digit of o?
3
Let r(f) be the third derivative of -f**4/8 - 7*f**3/2 + 2*f**2. Let x(q) = -2*q**2 + 23*q - 19. Let o be x(11). What is the units digit of r(o)?
3
Let z = 14 + -1. Suppose 0 = -12*n + z*n + 61. Let s = n + 139. What is the tens digit of s?
7
Suppose 365*a = 354*a + 65054. What is the hundreds digit of a?
9
Let t(w) = -238*w + 40. Let d be t(-3). Suppose 4*b = 3*u - d, -3*u + 6*u = -2*b + 766. What is the tens digit of u?
5
Let s be 224/104 - (-6)/(-39). Suppose -5*r - 15 = 0, 3*y - 5*r = s*y + 195. What is the tens digit of y?
8
Let f(v) = -v**3 - 11*v**2 - 13*v - 9. Let m be f(-8). Let y = -273 + 441. Let s = y + m. What is the tens digit of s?
7
Let y = -63 + 67. Suppose 0 = -b - 0*b + 2*j + 146, y*b - 573 = -3*j. What is the tens digit of (7/(-14))/((-2)/b)?
3
Let g(h) = 180*h**2 + 8*h + 17. Let y(l) = -l**2 - 15*l - 52. Let d be y(-10). What is the hundreds digit of g(d)?
7
Let n(d) = 16*d**2 + 3*d - 2. Suppose 5*o = -2*p + 5, 3*p - 5*o + 1 + 4 = 0. Suppose 8*u + 3*u - 22 = p. What is the tens digit of n(u)?
6
Let t(k) = 17*k**2 + 17*k + 14. Let w be t(13). Suppose -w + 7864 = 4*a. Suppose a = 11*i - 549. What is the hundreds digit of i?
1
Suppose 0 = -3*c - 6*j + 5*j + 45, 2*j = 5*c - 86. Let w = -58 + 57. What is the tens digit of c + (12/(-3) - w) + -2?
1
Let j(n) = -10885*n + 6065. What is the thousands digit of j(-5)?
0
Suppose -4*n - 82 + 231 = -w, -2*w + 196 = 5*n. Let z = -35 + n. Suppose 2*t - 156 = -t - 3*y, 236 = 5*t - z*y. What is the tens digit of t?
4
Let d = -194 - -125. Let n be ((3 - 1)/2)/((-3)/d). Suppose -n*r + 440 = -18*r. What is the tens digit of r?
8
What is the tens digit of (-12)/(-72) + 91285/30?
4
Let l = 497 - 443. What is the tens digit of 39789/l + 1/6?
3
Let h be 3 - ((0 - 2) + -526). Suppose -8*g = -9*g - h. Let b = g + 782. What is the tens digit of b?
5
Let v(c) = 6*c - 127. Let j = -4 - -53. What is the tens digit of v(j)?
6
Suppose -5*d - 2 = -7, d - 17 = 4*x. Let w be (-9)/x*(-8 - -2)*2. Let t(o) = -4*o - 70. What is the units digit of t(w)?
8
Let d(w) = -455*w + 2039. What is the hundreds digit of d(-12)?
4
Suppose -5*z = -4*z - 2931. Suppose -16*r = -4461 - z. What is the units digit of r?
2
Let w(v) = 136*v - 28. Suppose -39 = -15*t + 2*t. What is the tens digit of w(t)?
8
Let g(o) = o**3 + 13*o**2 + 7*o - 111. Let z be g(-12). Let p = 71 + 19. Let w = p - z. What is the hundreds digit of w?
1
What is the hundreds digit of (22/(-55) - 1126947/95)*3/(-1)?
5
Let i(z) = z**3 - z**2 + z. Let r(f) = -6*f**3 - 14*f**2 - 47*f - 17. Let g(n) = 5*i(n) + r(n). What is the units digit of g(-17)?
9
Suppose -a + 3*q - 4370 + 18968 = 0, -4*a - 4*q = -58376. What is the thousands digit of a?
4
Let q(c) be the first derivative of c**3 + 7 + 10*c**3 + c**2 - 5*c**3 - 2*c. What is the units digit of q(1)?
8
Let p(a) = 44*a**3 + 18*a**2 - 12*a - 91. What is the thousands digit of p(5)?
5
Let b(p) = -p**3 - 8*p**2 + 12*p + 23. Let n(f) = 2*f**3 + 9*f**2 - 10*f - 22. Let g(z) = 3*b(z) + 2*n(z). What is the hundreds digit of g(11)?
8
Suppose 4*l = 26476 + 5960. Suppose 103*m + l = 112*m. What is the hundreds digit of m?
9
Suppose 26*x - 352*x = -2112480. What is the units digit of x?
0
Let g = -14504 - -15666. What is the tens digit of g?
6
What is the units digit of ((-8)/16 + 163251/(-18))*7/(-7)?
0
Suppose -2*m + 3*t = -0*m - 15, m + t = 0. Suppose 5*d = -4*p + 1381 + 135, 917 = m*d - 5*p. Let k = -211 + d. What is the tens digit of k?
9
Let c(p) = p**2 + 3*p + 2. Let w be c(-2). Suppose 2*g - 98 - 350 = w. What is the tens digit of g?
2
Let i(u) = -1303*u + 5. Let t be i(-7). Suppose -2*x = -28*x + t. What is the units digit of x?
1
Let z(c) = -454*c + 5607. What is the ten thousands digit of z(-21)?
1
Let q = -9 - -15. Let o be (0 - -1947)/(0 + 3). Suppose 5*w = -q*w + o. What is the tens digit of w?
5
Let h = 23514 + 4622. What is the ten thousands digit of h?
2
Let a be (-7)/4*1776/(-3). Let v be (a/(-4))/((-9)/6 - -1). Suppose -6*y + 4 = -v. What is the units digit of y?
7
Let y(w) = -w**3 - 23*w**2 + 51*w + 15. Let k be y(-25). Let x(q) = -67*q + 118. What is the hundreds digit of x(k)?
7
What is the ten thousands digit of 17019 + (-31)/(124/56)?
1
Suppose d - 9108 = 12*d. Let f = d - -1550. What is the tens digit of f?
2
Suppose 4*n - 4*f - 57744 = 0, -3*n + 43314 = 20*f - 25*f. What is the thousands digit of n?
4
Let d be 9/(-1 + 2/(-4)). Suppose 6*g - 74 = -62. What is the units digit of (g/d)/(17/(-2244))?
4
Suppose 4*z - 4*c - 992 = 0, -4*c = -5*z + 2*z + 743. What is the tens digit of z?
4
What is the tens digit of (848/(-20))/(13 + 8196/(-630))?
5
Suppose -2*q = 3*v - 13472, -2*v = -5*q + 45177 - 11440. What is the hundreds digit of q?
7
Suppose 0 = -5*v + 5*x + 182770, 143*x = -3*v + 147*x + 109656. What is the hundreds digit of v?
5
Let b = 858 + -551. What is the tens digit of b?
0
Let q(b) = 10*b + 429. Suppose -21*n + 38*n = 15*n. What is the units digit of q(n)?
9
Suppose -74*j + 79298 = -12*j. What is the units digit of j?
9
What is the tens digit of 0 - -22597 - ((-6)/(-12))/(5/(-60))?
0
Let f = 20529 + 6325. What is the tens digit of f?
5
Let a(g) = -g + 11. Let r be a(8). Suppose r*l = -0*l + 2976. What is the hundreds digit of l?
9
Suppose 175*p - 1121093 + 896396 - 1233578 = 0. What is the hundreds digit of p?
3
What is the thousands digit of (-17)/3 + (-20)/(-12) - -26912?
6
Suppose 36003 = -16*m + 20*m + u, 2*u + 35982 = 4*m. What is the tens digit of m?
9
What is the units digit of (-905694)/(-92)*(8/3 + (6 - 8))?
3
Suppose -66*m = -5*m - 171837. What is the units digit of m?
7
Let d(s) = -s**3 - 8*s**2 - 9*s - 10. Let p be d(-7). Let m be 4/3*(-1 - (6 - p)). What is the tens digit of 40 + 0/(0 - 8/m)?
4
What is the thousands digit of (5229/(-294) - 6/(-21))/((-2)/476)?
4
What is the tens digit of 9832 - ((-1)/(-5))/(4/(-140))?
3
Let y be (-3)/1*(-8)/24. Let g be (5 + 4/(-1))/y. What is the units digit of (7/28 - 27/(-4)) + g?
8
Suppose 182*q - 5952355 = 148*q - 163*q. What is the tens digit of q?
1
Let a(q) = -q**3 + 9*q**2 + 6*q + 51. Let g be a(10). Let l(w) = w**3 - 7*w**2 - 23*w + 23. What is the units digit of l(g)?
4
Let l = -13 + 8. Let c(s) = 7*s**2 + 10*s + 11. Let y(f) = -8*f**2 - 10*f - 10. Let i(r) = 5*c(r) + 4*y(r). What is the units digit of i(l)?
0
Suppose -392592 = -42*r + 205530. What is the tens digit of r?
4
Let i = 16 - 12. Let w be (-1 - (-117)/4)*i. Let z = 183 - w. What is the units digit of z?
0
Let d(i) = -38*i - 32. Let k(b) = -3*b + 30. Let j be k(12). Let o(u) = 19*u + 15. Let a(n) = j*d(n) - 11*o(n). What is the units digit of a(11)?
6
Let f(m) = 2*m - 20. Let z be f(12). Let a be z/2 - (9 - -3). Let n = a - -42. What is the units digit of n?
2
Let k(f) = f**3 + 3*f**2 - 3*f + 3. Let c be k(-3). Let z(b) = -b**3 + 12*b**2 + 2*b + 6. Let r be z(c). What is the units digit of (-1 - -185)*15/r?
2
Let y(o) = 891*o + 19. Let c be y(2). Let t = c + -824. What is the units digit of t?
7
Let q(d) = 2*d - 17. Let x be q(9). Suppose -4*u = -2*t + t + 220, u + x = 0. What is the tens digit of t?
1
Let m(s) = -16*s**3 - 11*s**2 - 61*s + 6636. Let a(d) = 3*d**3 + 2*d**2 + 12*d - 1327. Let z(y) = -11*a(y) - 2*m(y). What is the thousands digit of z(0)?
1
Let p(y) be the third derivative of y**5/60 + 5*y**4/24 - 59*y**3/2 + 62*y**2. What is the tens digit of p(21)?
6
Let u be (-18 + -1)*-1*8. Let z be -15 + (3 - -45) + 15. Let f = u - z. What is the units digit of f?
4
Suppose 3*x - 5*h = -7, -3*h + 2*h + 17 = 2*x. What is the tens digit of 4/7 - (16208/(-56) + x)?
8
Let r be 4 + 2 + -1*4. Let w be ((-3)/r)/(18/3576). What is the units digit of (w/(-4) + -4)*2?
1
What is the units digit of -4 + (3 - (1 + -5648)) - (1 + 2)?
3
Suppose 4*f - 7813 + 121 = -2*l, 3828 = l - 4*f. What is the thousands digit of l?
3
Suppose 0 = -x - 3*o + 20935, -39 = 3*o - 60. What is the units digit of x?
4
Suppose -o = -1, 2 = -3*q + 3*o - 1. Suppose z = -q*z - 5*f + 390, 3*z - 1203 = -4*f. What is the hundreds digit of z?
4
Let t(x) be the third derivative of -11*x**6/20 - x**5/30 + x**4/8 - x**3/6 + 23*x**2. Let z be t(1). What is the units dig